of 22 and b?
11
Let s(i) = 2*i**2 + 7*i + 7. Let v be s(-7). What is the highest common factor of 8 and v?
8
Let l = 15 + 57. Calculate the greatest common factor of l and 48.
24
Let v = 31 + -17. What is the greatest common factor of 21 and v?
7
Let r = -94 - -126. What is the greatest common divisor of r and 1?
1
Suppose 2 = -w + 8. Suppose -v + 4*d - 10 = 0, 0 + 14 = -v + 5*d. Calculate the greatest common divisor of v and w.
6
Suppose -5*h - 16 = -2*p - 1, 0 = 5*h + 15. Suppose p = -10*m + 14*m - 56. What is the greatest common divisor of 154 and m?
14
Let v be -4*(10/4 - 3). What is the highest common factor of 2 and v?
2
Suppose -6*w + 1638 = 7*w. What is the greatest common factor of w and 14?
14
Let v(z) = 4*z**2 + 2*z + 5. Let c be v(-3). Let y be (-3 - -4)*-4 + c. Calculate the highest common divisor of 31 and y.
31
Let p be 70/175 - (396/(-10) + 0). Suppose 0*g = 2*g - 32. Calculate the highest common factor of g and p.
8
Suppose 0 = -4*w + 12 - 88. Let d be 2 - (w + (-3 - -5)). Calculate the greatest common divisor of 38 and d.
19
Let f(g) = -g**2 - 9*g + 24. Let d be f(-9). What is the highest common divisor of d and 40?
8
Let s be ((-1 - -3) + 5)*120/28. What is the greatest common factor of s and 10?
10
Let g be (-1885)/(-52) + (-2)/8. Suppose 5*a + 9 = 69. Calculate the greatest common divisor of a and g.
12
Let b = 3 - 4. Let a be 19*(1 - b) - 2. Suppose 4*j - 6 - 6 = 0, -2*q + 3 = -5*j. Calculate the highest common divisor of a and q.
9
Suppose -4*k = -9*k + 15. Suppose 2*g - 12 = w - 3*w, k*w - g - 30 = 0. What is the highest common divisor of 63 and w?
9
Let c(o) = -14*o**3 + 2*o**2 - 3*o. Let i be c(-3). Calculate the greatest common divisor of 15 and i.
15
Let j = 14 - 11. Let u be ((-792)/30)/(j/(-10)). Calculate the highest common factor of u and 11.
11
Suppose -6*y + 3*y = -48. Let o = 249 + -121. What is the greatest common divisor of o and y?
16
Let j(m) = m**2 + 4*m + 13. Let u be j(-3). Calculate the highest common divisor of u and 30.
10
Suppose 0 = d - 2*d + 2*u + 9, 0 = 4*d - u - 15. Let z = -2 + 5. What is the highest common factor of d and z?
3
Let v = 18 - -2. What is the highest common divisor of v and 8?
4
Let k = -52 - -100. Suppose -6 = -5*l + 4*u, l + 27 = -4*u + 9. Let c be (-39)/(-6) + 1/l. What is the greatest common divisor of c and k?
6
Let k(v) = -9*v. Suppose -9 = 3*r - 3*d, 0 = 2*r - 0*d + 3*d - 9. Suppose -2*y - 4 + r = 0. Let x be k(y). What is the highest common divisor of 12 and x?
6
Suppose -5*c = -227 + 47. Suppose c = 3*d - 0*d. What is the greatest common factor of 30 and d?
6
Suppose -3*o = 4*h - 209, 5*o + 249 = 4*h - 0*o. What is the greatest common divisor of 14 and h?
14
Suppose 5*u - 43 = 2*n, 3*u - 26 = -0*n + n. Let b be 1/(-3) + 300/u. Calculate the highest common factor of b and 22.
11
Let k(t) = t**3 - 4*t**2 + 13. Let x be k(3). Calculate the highest common divisor of x and 36.
4
Let z be (1 + -2)/(1/(-13)). Let y = -289 - -448. Let u = y + -94. What is the greatest common factor of u and z?
13
Let n = -6 + 21. What is the greatest common divisor of 10 and n?
5
Suppose 0 = j + 4*j + 30. Let g(o) be the third derivative of o**5/60 + o**4/6 - o**3 - 7*o**2. Let d be g(j). What is the highest common divisor of 4 and d?
2
Suppose -2*c + 14 = -3*z, c - 6*c + 4*z + 28 = 0. What is the highest common divisor of c and 2?
2
Suppose 5*p = -0*p + 160. Suppose -4*d + 76 = 4*n, -2*n = -2*d + 2*n + p. Suppose -4*o + 3 + 105 = 0. Calculate the highest common factor of o and d.
9
Let n(x) = x + 11. Let b be n(14). What is the highest common divisor of b and 10?
5
Let z(m) = -m**3 + 6*m**2 + 8*m - 6. Let d be z(6). Suppose -2*y - 5*l = -4*y - 13, 0 = y - l - 1. Calculate the highest common factor of y and d.
6
Suppose 3*t = -0*t. Suppose -5*x - i + 190 = 0, x - 64 = -t*i + 5*i. Let z = 92 - 66. Calculate the greatest common divisor of x and z.
13
Let h be (-1)/1*(-22 + (-2)/(-1)). Suppose -2*t + 45 = 5*m, 5*t - 2*m - 30 = 2*m. Calculate the highest common divisor of h and t.
10
Suppose 35 - 2 = 3*y. Suppose v - x + 5 = 2*v, 0 = 3*v - x - y. Calculate the greatest common factor of v and 44.
4
Let o = 33 - 29. What is the greatest common divisor of 4 and o?
4
Let b(a) = 3*a**3 - 4*a**2 + 3*a + 2. Let h be b(3). Suppose 0 = 4*k - 26 - 6. What is the highest common factor of k and h?
8
Suppose 2*h = 2, -3*x + 3*h - 6*h + 564 = 0. Calculate the greatest common divisor of 11 and x.
11
Let w be 4 + 2*-1 - -1. Suppose 4*l - 69 = w. Calculate the highest common factor of l and 18.
18
Let r = 21 + -5. What is the greatest common divisor of 2 and r?
2
Suppose 3*m + 170 = 8*m. Suppose -5*w - 4*v - v = -20, 4*w - 2*v = m. Calculate the greatest common factor of 14 and w.
7
Let v = 0 + -9. Let l be (-240)/(-9) + (-3)/v. Calculate the greatest common factor of 81 and l.
27
Let d be 4*(2 - 3/2). Suppose -d*p = -0*p - 210. Let u be ((-32)/(-10))/(6/p). What is the highest common factor of 14 and u?
14
Let a(n) = 3*n**2 + 10*n + 8. Let z be a(-7). Calculate the greatest common divisor of z and 17.
17
Let a be (12/(-8))/((-6)/112). Calculate the greatest common factor of a and 84.
28
Let m(g) = -g**3 + 8*g**2 - 7*g + 4. Let h be m(7). Suppose 0 = 2*z - 2*n - 0 - h, 2*z + 3*n = 24. Calculate the greatest common factor of 12 and z.
6
Suppose -5*t + 7 = -4*k + 31, 4*k - t = 24. Suppose -3*y + k = -9. Suppose 19 = 3*h - y. What is the greatest common factor of h and 12?
4
Suppose 3*s = -3*o + 4*o + 14, -4*s = -3*o - 17. What is the highest common divisor of 5 and s?
5
Let n(l) = -2*l**3 - 2*l - 6. Let j be n(-4). Calculate the greatest common factor of j and 26.
26
Let k be 1278/63 - (-6)/(-21). Calculate the greatest common divisor of 110 and k.
10
Suppose 4*b - 143 = 17. Suppose -2*u + 4*i = i - 9, 0 = 5*u - 4*i - b. Calculate the highest common divisor of 4 and u.
4
Let y = 2 + -2. Let l(w) = w**3 + w**2 + w - 5. Let u be l(y). Let g be (6/u)/(2/(-50)). What is the greatest common divisor of g and 20?
10
Let l be (-1)/(2/(-1))*-2. Let p = 5 + l. What is the highest common divisor of p and 12?
4
Let k be (-6)/27 - 100/36. Let t be (k - 97)/(-4) - -3. Calculate the greatest common factor of 308 and t.
28
Let r be (-6)/8 + ((-2217)/(-12) - 2). What is the greatest common factor of r and 26?
26
Let x(t) = -t**3 + t**2 - t + 5. Let z be x(0). Let u = z - 0. Suppose 4*b + u - 49 = 0. Calculate the greatest common factor of b and 22.
11
Suppose -2*s + 5*s - 54 = 0. Suppose s = 4*r + 2. Calculate the highest common factor of 28 and r.
4
Let k be 18/22 + 2/11. Let w be (4/(-3))/k*-18. Let l = -15 + 23. What is the greatest common factor of l and w?
8
Suppose 2 + 2 = -4*f. Let w(b) = -b - 1. Let m(r) = 28*r + 42. Let q(v) = m(v) + 42*w(v). Let h be q(f). Calculate the greatest common divisor of h and 126.
14
Let b(o) = 10*o + 1. Let x be b(2). Let p(q) = -q + 1. Let m be p(-6). Calculate the greatest common divisor of m and x.
7
Suppose -d + 0*d = -11. Suppose -t = -d - 7. Let v = 29 - t. What is the highest common divisor of 44 and v?
11
Let j = 9 + 45. Let f(u) = -20*u + 126. Let b be f(6). What is the highest common divisor of b and j?
6
Let s be (-2)/4 + (-106)/(-4). Suppose -18 = 3*o - 9*o. Suppose 3*l + d = s, -5*l - 7*d + 34 = -o*d. What is the highest common divisor of 40 and l?
10
Suppose 4*f + 4*v = 40, -3*v + 56 = 5*f - v. What is the greatest common factor of 6 and f?
6
Let n be 2 + 9*12 + -1. Let q = 164 - n. What is the greatest common divisor of 11 and q?
11
Let t = -8 - -20. Suppose -2*x + t = 6*f - f, -x = -4*f + 7. What is the greatest common factor of 2 and x?
1
Let l(t) = 5*t + 17. Let v be l(5). Calculate the greatest common divisor of 21 and v.
21
Suppose 0 = -4*g + 3*g - 3. Suppose 33 = 2*x + 11. Let t = g + x. Calculate the highest common divisor of 88 and t.
8
Suppose -2*c + 176 = -256. Let q = -11 + 35. Calculate the highest common factor of q and c.
24
Suppose 0 = -8*d + 44 + 20. Calculate the greatest common divisor of 64 and d.
8
Suppose 25 = -0*n - 5*n, -4*c - 349 = 5*n. Let r = c + 169. Calculate the greatest common factor of r and 8.
8
Suppose 5*b + 69 = 19. Let y be (-45)/(-2)*(-16)/b. Let i = -16 + 20. Calculate the greatest common factor of i and y.
4
Suppose -5*o + 2*u + 21 = 0, 0*u